et q(y) = -17*y**2 - 3*y + 34. Let j(w) = -11*f(w) + 4*q(w). Determine j(-3).
-11
Let p(u) be the first derivative of -u**3 - u + 265. Give p(-1).
-4
Let x(l) = -l**2 - l + 0*l**2 + 0*l**2 + 6 - l**3 + 2*l**2. Let r = -26 + 30. Suppose r*s = 6*s. What is x(s)?
6
Let v(a) = 14*a - 5. Let b(r) = -54*r + 21. Let c(w) = 4*b(w) + 15*v(w). Calculate c(-7).
51
Let z = -198 + 200. Let b(k) = 3*k**3 + 2*k**2 + k - 1. Calculate b(z).
33
Let j(r) be the second derivative of -r**4/12 + 13*r**3/6 - 19*r**2 + 23*r - 2. Give j(10).
-8
Let i(w) = 11*w - 23. Let a be i(8). Let y = -69 + a. Let z(g) = -g**2 - 3*g + 2. What is z(y)?
-2
Let s(w) = w - 5. Suppose -4*n - 12 = -2*t, t - 2*n = -t + 20. Suppose -a + t - 8 = 0. Determine s(a).
1
Let y(z) = -8*z**2 - 3*z + 11. Let a(h) = -6*h**2 - 2*h + 9. Let q(d) = 5*a(d) - 4*y(d). Calculate q(-1).
1
Let s be (0 + 1)*(-20 - -15). Let o(l) = -2*l + 4. Calculate o(s).
14
Let d(h) = -h + 1. Let q(n) = 4*n - 6. Let b(k) = -9*d(k) - 2*q(k). Calculate b(7).
10
Suppose y + 4*d - 160 = 0, y - 3*d = -2*d + 185. Let a be (8/4)/(8/y). Let z be (-1)/3 - 165/a. Let i(b) = -b**3 - 2*b**2 + 6*b + 2. Give i(z).
10
Let y(w) = w**2 + 6*w - 1. Let t = -14 - -18. Let u be 0 + t - 12 - -2. Calculate y(u).
-1
Let c(v) be the first derivative of -3/2*v**2 + 1/4*v**4 + 9 + v**3 + 2*v. What is c(-4)?
-2
Suppose -3 = j, -27 = -m - 3*m + 5*j. Let r be 2/13 - (m - (-204)/(-26)). Let p(v) = -v**3 + 3*v**2 + 6*v - 1. What is p(r)?
-21
Let u(m) = 28*m + 1 + 1 - 2*m**2 - 15*m. What is u(9)?
-43
Let h = 992 + -986. Let j(g) = g**2 - 7*g + 9. What is j(h)?
3
Let l(j) = j**3 + 2*j**2 - 3*j + 3. Suppose 0 = 11*h - 13*h + 6. Suppose 3*a = -u - h, 4*u - 3*a + 14 = 2. Give l(u).
3
Suppose 3*b = -5*j + 21 + 65, -58 = -4*j + 3*b. Let t be (8/6)/(j/24). Let w(k) = -258 + t*k + 258. Calculate w(-2).
-4
Let j(o) be the second derivative of o**3/6 - o**2 + 2*o. Let y be j(-2). Let x be 63/12 + 1/y. Let r(f) = -4*f + 4. What is r(x)?
-16
Let x = 5 - 13. Let m(u) = 25*u**2 - 9 - u**3 - 20 - 32*u**2 + 19 + 8*u + u. Give m(x).
-18
Let d(c) = 2*c - 9. Let b be d(7). Let s(q) = 7*q - q**3 - 9*q + 10*q - b + 5*q**2. Calculate s(6).
7
Let s(l) = 4*l - 6. Let w(v) = -33*v + 74. Let x be w(2). Determine s(x).
26
Let u(i) be the third derivative of i**5/120 - i**4/12 - 3*i**3/2 - 13*i**2. Let m(h) be the first derivative of u(h). Determine m(4).
2
Let n(c) = -c**3 + 2*c + 4*c**2 - 3 + 0 - 2. Let h be n(4). Let z(y) = 0*y + 6*y - 1 - h*y + 5*y. Calculate z(-1).
-9
Let k be 1 + (-51)/(-6) + 3/(-6). Let l(a) = -k - 51*a**2 + 7*a + 52*a**2 + 0. Determine l(-8).
-1
Suppose -4*k + k + 72 = 0. Let d be (k/(-18))/(8/(-18)). Suppose n - s = -d*n - 12, n + s = -3. Let y(j) = -j**3 - 2*j**2 + 4*j + 3. Calculate y(n).
0
Let t be (75/30)/(-1) - 1/2. Let g be 2 - (0 - 0/(-2)). Let l(j) = -g*j - 1 + j - 3. Determine l(t).
-1
Suppose -20 = 2*z - 5*a, -5*z + a - 10 = -29. Let w(i) be the third derivative of -i**6/120 + i**5/10 - i**4/4 - i**3/3 + i**2. Determine w(z).
-7
Let a(g) = -g**2 - 4 + 73*g - 52*g - 26*g. What is a(-4)?
0
Let r(p) = p**2 + 6*p + 1. Let w(q) = -q**2 - 8*q. Let y(f) = -5*r(f) - 4*w(f). Give y(4).
-13
Let r be (-14)/63 + 260/(-45). Let c(d) = d**3 + 5*d**2 - 9*d - 2. Determine c(r).
16
Let o(w) = -w + 9. Let b be (-5)/(-6) - (-888)/144. What is o(b)?
2
Let k(s) = -s**2 + 3*s. Let r(w) = -3*w**2 + 7*w. Let c(p) = -p + 4. Let f be c(7). Let o(l) = f*r(l) + 7*k(l). Let g = -1 - -3. Give o(g).
8
Let t be 3/(-2)*(-4)/6. Let r(z) = -2*z - 2. Let c(a) = a + 3. Suppose -4*j - 1 = 4*l + 31, l = -5*j - 24. Let o(u) = j*r(u) - 3*c(u). What is o(t)?
4
Suppose -16*h - 1 + 17 = 0. Let b = h - 5. Let x(q) = -q**3 - 4*q**2 + 1. Determine x(b).
1
Let a = -19 - -106. Let c(h) = -9 + 1 - 85*h + a*h + 1. What is c(5)?
3
Let z(c) = -148*c**2 - 137*c**2 + 284*c**2 - 7 + c. What is z(4)?
-19
Let u = -47 + 40. Let b(r) = r**3 - 5 - 2*r + 4*r - 3*r + 3*r**2. Let a(l) = 3*l**3 + 8*l**2 - 3*l - 16. Let h(y) = u*b(y) + 2*a(y). Calculate h(-5).
-2
Let x(c) = -5*c**3 - c**2. Let f be (98/4)/(7/14). Let b = -50 + f. Give x(b).
4
Let g(y) = 3*y + 58 - 166 + 57 + 52. Determine g(4).
13
Let t(z) = z**2 - 3*z - 4. Suppose 7 = c + 5*m, -3*c - 4*m + 9 = -m. Let b be c + 26/(-12) - 74/(-12). Determine t(b).
14
Suppose -2*n - 1 = 5. Let c(d) = 2*d + 3. Give c(n).
-3
Let r(v) be the second derivative of -v**5/10 + v**4/12 + v**3/6 - v**2 - 283*v. Determine r(3).
-44
Suppose -4*w - p = p + 28, -3*w + p = 16. Let k(m) = m + 10. Let j be k(w). Let f(c) = c + 3. Give f(j).
7
Let t(m) = 4 - 2*m + m - 4*m - 17*m**2 + 16*m**2. Let h(q) = 2*q + 4 - 5 + 5 + 1. Let i be h(-5). Give t(i).
4
Let b(k) = -5*k + 4272*k**3 - 2*k**2 + 7*k**2 - 4271*k**3. What is b(-5)?
25
Let j = -247 + 247. Let r(k) = -k + 15. What is r(j)?
15
Let u(w) = 0 + 3 + 2*w + 1 + 10 - 6. Calculate u(3).
14
Let f(y) = -y**3 + 2*y**2 + 3*y + 1. Suppose 8 + 10 = 6*t. Give f(t).
1
Let o(g) = -3*g**3 - 2*g + 2. Let c be o(2). Let m be c/(-3) + (-4)/(-12). Suppose 2*f + 3*j = -f + m, j = -5*f + 23. Let v(i) = -i - 1. Calculate v(f).
-6
Let w(r) = -r**3 + 7*r**2 - 4*r - 5. Let s = 248 + -244. Give w(s).
27
Let b(g) = -2*g + 0*g + g**3 + 1 - 2*g. Suppose -4*i = 2*a - 48, -4*a - a + 21 = i. Suppose 5*c + 4 = -i. Give b(c).
-14
Let z(j) be the first derivative of j**3/3 - 9*j**2/2 + 2*j - 140. Give z(7).
-12
Let v(q) = -q**2 + 5*q - 1. Suppose -u = 2*m + 3*u - 42, 3*u + 18 = 3*m. Let a be -3*1 - ((-12)/(-4) - m). Determine v(a).
-1
Let v(m) = 9*m + 1. Let r be v(1). Let l(s) = s - 8. Let g be l(r). Let j(p) = -p**2 + 6 + 4 - g - 1 - 3*p. What is j(-5)?
-3
Let y(f) = f**2 - f - 17. Let c(u) = 4*u**2 - 5*u - 69. Suppose 24 = -6*q - 30. Let o(r) = q*y(r) + 2*c(r). What is o(0)?
15
Suppose 0 = -14*l + 12 + 58. Let k(b) = -4*b + l*b - 2 - 8*b. What is k(-3)?
19
Let a(i) be the first derivative of -i**4/4 - 2*i**3/3 + 7*i**2/2 + 5*i + 118. Let t(p) = p**3 + 3*p**2 + p - 1. Let f be t(-3). Let q = f + 0. What is a(q)?
9
Let b(r) = -r**3 - 5*r**2 + 4*r + 5. Suppose -2*q - 2*f + 6*f = 26, 5*q - 5*f + 45 = 0. What is b(q)?
-15
Let k(r) = 2*r + 1. Let b be k(1). Suppose -5*j + b*j + 8 = 0. Let d(n) = -2*n + 4. Let y be d(j). Let a(s) = -s + 4. Give a(y).
8
Let m be 6/14 - (-175)/49. Let k be (-11)/(-2) - m/8. Suppose -4*q + 11 = -k. Let w(z) = z**2 - 6*z + 3. Give w(q).
-5
Let g = -5 + 6. Let c = g + 4. Let h(v) = -7*v**3 + 18*v**2 - 2*v - 4. Let a(n) = -8*n**3 + 20*n**2 - 2*n - 4. Let l(j) = 6*a(j) - 7*h(j). Give l(c).
-11
Suppose -1 = 2*n + 4*i - 5, 2*i + 6 = 3*n. Let p(t) = t - 2 - 1 + t. Determine p(n).
1
Let a(f) = -3*f + 6. Let v be ((-10)/3*18/15)/(-1). Calculate a(v).
-6
Let j(z) = -z - z + z**2 + 87 - 172 + 80. What is j(7)?
30
Suppose 5*h = -4*b - b + 10, 2*b + 3*h - 5 = 0. Let j(f) = 5*f**2 + f + 1 + 9*f**2 - 3*f**2 - 3*f. What is j(b)?
10
Let g(l) = -3 - 2 + l**2 + l + 9*l - 6*l. What is g(-5)?
0
Let c(o) = o**3 - 4 + 2 + 2*o**2 - 7*o + 3*o**2. Suppose 3*w = 5*n - 156, 0*w + 144 = 5*n + 3*w. Suppose -5*d + 0*d - 5*z - n = 0, 0 = z. What is c(d)?
4
Let n(b) = 4*b - 6. Let k be 25 + -22 - (37 - -1). Let x be -18*(2 + k/15). Determine n(x).
18
Let p = 1 + 6. Let w(z) = -p*z + 24 - 50 + 27. Determine w(2).
-13
Let m(q) = 4*q**2 - 7*q - 10. Let a(s) = s**2 + 7*s + 31 - 7*s - 32. Let o(v) = -6*a(v) + m(v). Give o(-4).
-8
Let m(i) = i**2 + 5*i + 4. Let f be m(-5). Let g be -2 + -1 + (-57)/(-3). Let l(q) = -7 - 9 + q + 4*q**2 + g - q**3. Calculate l(f).
4
Suppose t + 7 + 5 = 3*w, 4*w = 12. Let i(m) be the first derivative of -1/3*m**3 + 1 + m - 2*m**2. Give i(t).
4
Let p(o) be the third derivative of o**6/120 - o**5/10 + o**4/4 - o**3/2 + 3*o**2. Determine p(5).
2
Let s(q) = 3*q - 3. Let f(z) = z**2 - 19*z - 18. Let c = -59 + 79. Let m be f(c). Give s(m).
3
Let f = -188 + 193. Let k(l) be the first derivative of l**4/12 - l**3/3 - 2*l**2 + 2*l - 5. Let g(n) be the first derivative of k(n). Give g(f).
11
Let b(v) = v**3 + 5*v**2 + 2*v - 2. Let f be b(-4). Let y(u) be the third derivative of u**5/60 - u**4/4 + 5*u**3/6 + 1148*u**2. Give y(f).
5
Let k(b) = 9*b - 10*b - 3*b - 15 + 4. Calculate k(-5).
9
Let g be 315/42*4/3. Let b(j) = -g*j - 1 - 22*j + 34*j. Give b(-5).
-11
Let s = 10 - 7. Let y be 1 - 0 - (2 - 5). Let z(i) = -2 - 5*i**2 - 8*i - s*i**3 + y*i**3 + 